he prime factors of 406458.
2, 3, 13, 193
List the prime factors of 18397942.
2, 31, 296741
List the prime factors of 10239.
3, 3413
List the prime factors of 1072046.
2, 536023
What are the prime factors of 937296?
2, 3, 23, 283
List the prime factors of 6849867.
3, 71, 32159
What are the prime factors of 29748324?
2, 3, 2479027
What are the prime factors of 15227254?
2, 7, 97, 11213
What are the prime factors of 151216?
2, 13, 727
List the prime factors of 11240483.
11240483
What are the prime factors of 3239593?
7, 31, 14929
What are the prime factors of 1361834?
2, 680917
What are the prime factors of 21432286?
2, 10716143
What are the prime factors of 51327?
3, 1901
What are the prime factors of 4434493?
7, 277, 2287
List the prime factors of 364558.
2, 182279
List the prime factors of 196681.
196681
What are the prime factors of 2814016?
2, 43969
List the prime factors of 10153811.
17, 139, 4297
What are the prime factors of 11612560?
2, 5, 379, 383
List the prime factors of 9754063.
11, 29, 30577
What are the prime factors of 2072882?
2, 7, 148063
List the prime factors of 5246679.
3, 19, 83, 1109
List the prime factors of 104770.
2, 5, 10477
List the prime factors of 3887693.
991, 3923
What are the prime factors of 290500?
2, 5, 7, 83
What are the prime factors of 38844099?
3, 7, 17, 36269
What are the prime factors of 572826?
2, 3, 95471
What are the prime factors of 91606?
2, 163, 281
What are the prime factors of 631123?
19, 59, 563
List the prime factors of 189591.
3, 63197
List the prime factors of 10476.
2, 3, 97
What are the prime factors of 4785173?
23, 37, 5623
List the prime factors of 6229480.
2, 5, 17, 9161
List the prime factors of 1414296.
2, 3, 13, 1511
List the prime factors of 8259985.
5, 991, 1667
What are the prime factors of 3965521?
7, 80929
List the prime factors of 1312834.
2, 37, 113, 157
What are the prime factors of 632298?
2, 3, 17, 6199
List the prime factors of 1562088.
2, 3, 11, 61, 97
What are the prime factors of 3177416?
2, 11, 36107
List the prime factors of 500936.
2, 62617
List the prime factors of 541726.
2, 439, 617
List the prime factors of 528171.
3, 7, 3593
What are the prime factors of 34503?
3, 7, 31, 53
What are the prime factors of 4678860?
2, 3, 5, 29, 2689
What are the prime factors of 284353?
127, 2239
What are the prime factors of 15723743?
7, 23, 127, 769
List the prime factors of 6140492.
2, 1535123
What are the prime factors of 4664963?
997, 4679
What are the prime factors of 1494665?
5, 31, 9643
List the prime factors of 117596.
2, 29399
What are the prime factors of 227559?
3, 75853
What are the prime factors of 40680639?
3, 4520071
What are the prime factors of 910762?
2, 455381
What are the prime factors of 230375?
5, 19, 97
List the prime factors of 115497.
3, 41, 313
What are the prime factors of 807407?
807407
What are the prime factors of 314898?
2, 3, 31, 1693
What are the prime factors of 394054?
2, 73, 2699
List the prime factors of 19043.
137, 139
List the prime factors of 6562164.
2, 3, 7, 78121
List the prime factors of 12239068.
2, 131, 23357
List the prime factors of 176774.
2, 13, 523
What are the prime factors of 1676090?
2, 5, 13, 12893
What are the prime factors of 1511686?
2, 11, 68713
List the prime factors of 1473233.
241, 6113
List the prime factors of 36455670.
2, 3, 5, 45007
What are the prime factors of 84404?
2, 21101
What are the prime factors of 2456019?
3, 67, 4073
List the prime factors of 2429129.
31, 127, 617
What are the prime factors of 233640?
2, 3, 5, 11, 59
List the prime factors of 67410.
2, 3, 5, 7, 107
List the prime factors of 7718514.
2, 3, 1286419
What are the prime factors of 5258262?
2, 3, 101, 8677
List the prime factors of 159729.
3, 37, 1439
What are the prime factors of 8131719?
3, 23, 117851
List the prime factors of 1593794.
2, 193, 4129
List the prime factors of 5144506.
2, 17, 83, 1823
List the prime factors of 208742.
2, 29, 59, 61
What are the prime factors of 16719485?
5, 3343897
List the prime factors of 10550874.
2, 3, 607, 2897
List the prime factors of 5424030.
2, 3, 5, 20089
What are the prime factors of 321102?
2, 3, 17839
List the prime factors of 850884.
2, 3, 17, 43, 97
List the prime factors of 1597918.
2, 7, 311, 367
List the prime factors of 9802173.
3, 463, 7057
What are the prime factors of 230825?
5, 7, 1319
What are the prime factors of 1154165?
5, 230833
List the prime factors of 5666263.
5666263
List the prime factors of 222843.
3, 59, 1259
List the prime factors of 89728.
2, 701
List the prime factors of 154538.
2, 77269
What are the prime factors of 3567511?
31, 157, 733
What are the prime factors of 596969?
43, 13883
What are the prime factors of 1045544?
2, 130693
List the prime factors of 65379.
3, 19, 31, 37
What are the prime factors of 1837821?
3, 151, 4057
What are the prime factors of 185977?
11, 29, 53
What are the prime factors of 770602?
2, 7, 19, 2897
What are the prime factors of 1224655?
5, 31, 7901
List the prime factors of 7003493.
7, 523, 1913
What are the prime factors of 136896?
2, 3, 23, 31
What are the prime factors of 322430?
2, 5, 19, 1697
What are the prime factors of 75993?
3, 73, 347
List the prime factors of 2786725.
5, 17, 79, 83
List the prime factors of 752321.
37, 20333
What are the prime factors of 16499637?
3, 7, 11, 29, 821
What are the prime factors of 3508593?
3, 11, 106321
List the prime factors of 10922201.
1453, 7517
List the prime factors of 6833849.
11, 621259
What are the prime factors of 421555?
5, 59, 1429
What are the prime factors of 372688?
2, 23293
What are the prime factors of 75855?
3, 5, 13, 389
List the prime factors of 939606.
2, 3, 156601
What are the prime factors of 5325089?
7, 11, 6287
List the prime factors of 374563.
7, 73, 733
What are the prime factors of 2707408?
2, 11, 15383
List the prime factors of 1686045.
3, 5, 112403
What are the prime factors of 628824?
2, 3, 7, 19, 197
What are the prime factors of 332631?
3, 13, 2843
What are the prime factors of 5223755?
5, 1044751
What are the prime factors of 465860?
2, 5, 23293
What are the prime factors of 37050?
2, 3, 5, 13, 19
List the prime factors of 6299202.
2, 3, 7, 13, 83, 139
What are the prime factors of 6997177?
11, 636107
What are the prime factors of 112026?
2, 3, 18671
List the prime factors of 215877.
3, 227, 317
List the prime factors of 2931660.
2, 3, 5, 61, 89
List the prime factors of 2312370.
2, 3, 5, 25693
What are the prime factors of 24720?
2, 3, 5, 103
List the prime factors of 1939492.
2, 233, 2081
What are the prime factors of 61295?
5, 13, 23, 41
What are the prime factors of 2136749?
29, 73681
What are the prime factors of 3043176?
2, 3, 23, 37, 149
What are the prime factors of 4615108?
2, 1153777
List the prime factors of 21249789.
3, 11, 73, 8821
List the prime factors of 2089765.
5, 417953
What are the prime factors of 2338623?
3, 7, 5303
What are the prime factors of 2527739?
1571, 1609
What are the prime factors of 73235?
5, 97, 151
List the prime factors of 840587.
11, 6947
What are the prime factors of 1291081?
11, 117371
List the prime factors of 80583.
3, 26861
What are the prime factors of 177178?
2, 88589
What are the prime factors of 279678?
2, 3, 7, 6659
What are the prime factors of 114131?
61, 1871
What are the prime factors of 30109?
30109
List the prime factors of 8086347.
3, 898483
List the prime factors of 448889.
7, 9161
What are the prime factors of 4379361?
3, 7, 23, 9067
List the prime factors of 205635.
3, 5, 13709
What are the prime factors of 387741?
3, 307, 421
What are the prime factors of 2664188?
2, 67, 9941
List the prime factors of 18915030.
2, 3, 5, 73, 2879
List the prime factors of 25048328.
2, 3131041
What are the prime factors of 1317101?
653, 2017
List the prime factors of 3411761.
3411761
What are the prime factors of 623665?
5, 7, 103, 173
List the prime factors of 5793254.
2, 2896627
List the prime factors of 565507.
565507
List the prime factors of 13287571.
11, 1207961
List the prime factors of 4329554.
2, 509, 4253
List the prime factors of 103909.
13, 7993
List the prime factors of 7343548.
2, 109, 16843
List the prime factors of 123483.
3, 41161
What are the prime factors of 11646987?
3, 11, 352939
What are the prime facto